{"id":1373,"date":"2024-11-15T07:07:31","date_gmt":"2024-11-15T06:07:31","guid":{"rendered":"https:\/\/sg1306.de\/?page_id=1373"},"modified":"2025-11-21T11:54:43","modified_gmt":"2025-11-21T10:54:43","slug":"info-pistolenabteilung","status":"publish","type":"page","link":"https:\/\/sg1306.de\/index.php\/info-pistolenabteilung\/","title":{"rendered":"Pistole"},"content":{"rendered":"\r\n<h2 class=\"wp-block-heading has-text-align-center\" style=\"text-align: center;\"><img loading=\"lazy\" decoding=\"async\" src=\"https:\/\/sg1306.de\/wp-content\/uploads\/2024\/11\/pistole_con.gif\" alt=\"\" width=\"37\" height=\"37\" \/><\/h2>\r\n\r\n\r\n\r\n<h2 class=\"wp-block-heading has-text-align-center\" style=\"text-align: center;\"><span style=\"color: #000000;\"><strong>Schiesszeiten <\/strong><\/span><\/h2>\r\n<h2 class=\"wp-block-heading has-text-align-center\" style=\"text-align: center;\"><span style=\"color: #339966;\"><strong>Pistolenabteilung<\/strong><\/span><\/h2>\r\n\r\n\r\n\r\n<h2 class=\"wp-block-heading has-text-align-center\" style=\"text-align: center;\"><strong>Tel. 09 51 \/ 91 22 2-12<\/strong><\/h2>\r\n\r\n\r\n\r\n\r\n\r\n<p class=\"has-text-align-center\" style=\"text-align: center;\">\u00a0<\/p>\r\n\r\n\r\n\r\n<h2 class=\"wp-block-heading has-text-align-center\" style=\"text-align: center;\"><strong>Der Stand ist ge\u00f6ffnet:<\/strong><\/h2>\r\n\r\n\r\n\r\n<h2 class=\"wp-block-heading has-text-align-center\" style=\"text-align: center;\"><span style=\"color: #339966;\"><strong>Mittwoch von 18:00 Uhr \u2013 20:00 Uhr<\/strong><\/span><\/h2>\r\n<p style=\"text-align: center;\"><span style=\"color: #339966;\">\r\n\r\n<\/span><\/p>\r\n<h2 class=\"wp-block-heading has-text-align-center\" style=\"text-align: center;\"><span style=\"color: #339966;\"><strong>Donnerstag von 18:00 Uhr \u2013 20:00 Uhr<\/strong><\/span><\/h2>\r\n<p style=\"text-align: center;\"><span style=\"color: #339966;\">\r\n\r\n<\/span><\/p>\r\n<h2 class=\"wp-block-heading has-text-align-center\" style=\"text-align: center;\"><span style=\"color: #339966;\"><strong>Samstag von 14:00 Uhr \u2013 16:00 Uhr<\/strong><\/span><\/h2>\r\n<p style=\"text-align: center;\"><span style=\"color: #339966;\">\r\n\r\n<\/span><\/p>\r\n<h2 class=\"wp-block-heading has-text-align-center\" style=\"text-align: center;\"><span style=\"color: #339966;\"><strong>Sonntag von 10:00 Uhr \u2013 12:00 Uhr<\/strong><\/span><\/h2>\r\n\r\n\r\n\r\n<h2 class=\"wp-block-heading has-text-align-center\" style=\"text-align: center;\">\u00a0<\/h2>\r\n\r\n\r\n\r\n<h2 class=\"wp-block-heading\" style=\"text-align: center;\"><strong>Die Pistolenabteilung wird gef\u00fchrt vom\u00a0<\/strong><\/h2>\r\n<h2 style=\"text-align: center;\"><strong><span style=\"color: #339966;\">1. Pistolensch\u00fctzenmeister Michael Fradl,<\/span>\u00a0<\/strong><\/h2>\r\n<h2 style=\"text-align: center;\"><strong>dem noch weitere Sch\u00fctzenmeister (Aufsichten) beigeordnet sind.<\/strong><\/h2>\r\n\r\n\r\n\r\n\r\n\r\n<h2 class=\"wp-block-heading has-text-align-center\" style=\"text-align: center;\"><strong>Die Abteilung Pistole bietet auf insgesamt 36 Schie\u00dfbahnen, Schie\u00dfsportm\u00f6glichkeiten f\u00fcr Kurzwaffen in allen Kalibern.<\/strong><\/h2>\r\n\r\n\r\n\r\n<h2 class=\"wp-block-heading has-text-align-center\" style=\"text-align: center;\"><strong>In der Halle (10m) 15 Bahnen f\u00fcr Luftpistole<\/strong><\/h2>\r\n\r\n\r\n\r\n<h2 class=\"wp-block-heading has-text-align-center\" style=\"text-align: center;\"><strong>Im offenen Stand (25m), 20 Bahnen f\u00fcr Kurzwaffen in allen Kalibern und Klappscheibenanlage f\u00fcr Kleinkaliber und Gro\u00dfkaliber.<\/strong><\/h2>\r\n\r\n\r\n\r\n<h2 class=\"wp-block-heading has-text-align-center\" style=\"text-align: center;\"><strong>Im offenen Stand (25m), 15m Klappscheibenanlage f\u00fcr Flinte<\/strong><\/h2>\r\n\r\n\r\n\r\n<p style=\"text-align: center;\">\u00a0<\/p>\r\n","protected":false},"excerpt":{"rendered":"<p>Schiesszeiten Pistolenabteilung Tel. 09 51 \/ 91 22 2-12 \u00a0 Der Stand ist ge\u00f6ffnet: Mittwoch von 18:00 Uhr \u2013 20:00&#8230; <a href=\"https:\/\/sg1306.de\/index.php\/info-pistolenabteilung\/\" class=\"readmore\">weiterlesen &#8230;<span class=\"screen-reader-text\">Pistole<\/span><span class=\"fa fa-angle-double-right\" aria-hidden=\"true\"><\/span><\/a><\/p>\n","protected":false},"author":2,"featured_media":0,"parent":0,"menu_order":0,"comment_status":"closed","ping_status":"closed","template":"","meta":{"pgc_sgb_lightbox_settings":"","_mc_calendar":[],"footnotes":""},"class_list":["post-1373","page","type-page","status-publish","hentry"],"_links":{"self":[{"href":"https:\/\/sg1306.de\/index.php\/wp-json\/wp\/v2\/pages\/1373","targetHints":{"allow":["GET"]}}],"collection":[{"href":"https:\/\/sg1306.de\/index.php\/wp-json\/wp\/v2\/pages"}],"about":[{"href":"https:\/\/sg1306.de\/index.php\/wp-json\/wp\/v2\/types\/page"}],"author":[{"embeddable":true,"href":"https:\/\/sg1306.de\/index.php\/wp-json\/wp\/v2\/users\/2"}],"replies":[{"embeddable":true,"href":"https:\/\/sg1306.de\/index.php\/wp-json\/wp\/v2\/comments?post=1373"}],"version-history":[{"count":14,"href":"https:\/\/sg1306.de\/index.php\/wp-json\/wp\/v2\/pages\/1373\/revisions"}],"predecessor-version":[{"id":4255,"href":"https:\/\/sg1306.de\/index.php\/wp-json\/wp\/v2\/pages\/1373\/revisions\/4255"}],"wp:attachment":[{"href":"https:\/\/sg1306.de\/index.php\/wp-json\/wp\/v2\/media?parent=1373"}],"curies":[{"name":"wp","href":"https:\/\/api.w.org\/{rel}","templated":true}]}}