{"id":1232,"date":"2024-11-14T09:55:52","date_gmt":"2024-11-14T08:55:52","guid":{"rendered":"https:\/\/sg1306.de\/?page_id=1232"},"modified":"2024-11-14T10:02:27","modified_gmt":"2024-11-14T09:02:27","slug":"schiessordnung-platz","status":"publish","type":"page","link":"https:\/\/sg1306.de\/index.php\/schiessordnung-platz\/","title":{"rendered":"Schie\u00dfordnung Platz"},"content":{"rendered":"\n<p style=\"text-align: center;\"><strong><span style=\"font-size: 24pt;\">1. Den Anweisungen der Aufsicht ist stets Folge zu leisten.<\/span><\/strong><\/p>\n<p style=\"text-align: center;\"><strong><span style=\"font-size: 24pt;\">2. Jeder Sch\u00fctze, ob Gast oder Mitglied, hat sich bei der diensthabenden Aufsicht<\/span><\/strong><br \/><strong><span style=\"font-size: 24pt;\">vor Schie\u00dfbeginn anzumelden.<\/span><\/strong><\/p>\n<p style=\"text-align: center;\"><strong><span style=\"font-size: 24pt;\">3. G\u00e4ste schie\u00dfen auf der linken H\u00e4lfte des Bogenplatzes bis zur Markierung,<\/span><\/strong><br \/><strong><span style=\"font-size: 24pt;\">sofern die Aufsicht keine andere Anweisung erteilt.<\/span><\/strong><\/p>\n<p style=\"text-align: center;\"><strong><span style=\"font-size: 24pt;\">4. Pro Durchgang werden \u00fcblicherweise 3 Pfeile, maximal jedoch 6 Pfeile geschossen.<\/span><\/strong><br \/><strong><span style=\"font-size: 24pt;\">Nicht mehr auffindbare oder mutwillig besch\u00e4digte Ausr\u00fcstung,<\/span><\/strong><br \/><strong><span style=\"font-size: 24pt;\">insbesondere Pfeile, m\u00fcssen vom Entleiher am gleichen Tag bezahlt werden.<\/span><\/strong><\/p>\n<p style=\"text-align: center;\"><strong><span style=\"font-size: 24pt;\">5. Pfeile werden immer gleichzeitig geholt, nachdem die Sch\u00fctzen sich verst\u00e4ndigt haben,<\/span><\/strong><br \/><strong><span style=\"font-size: 24pt;\">dass das Schie\u00dfen eingestellt ist. Solange sich jemand auf dem Bogenplatz im Gef\u00e4hrdungsbereich<\/span><\/strong><br \/><strong><span style=\"font-size: 24pt;\">vor der Schie\u00dflinie befindet, ist das Auflegen des Pfeiles auf den Bogen verboten.<\/span><\/strong><br \/><strong><span style=\"font-size: 24pt;\">Jeder Sch\u00fctze haftet f\u00fcr seinen Schuss bzw. f\u00fcr seinen Pfeil!<\/span><\/strong><\/p>\n<p style=\"text-align: center;\"><strong><span style=\"font-size: 24pt;\">6. Kinder m\u00fcssen zu jeder Zeit von mindestens einem Erziehungsberechtigten beaufsichtigt werden.<\/span><\/strong><\/p>\n<p style=\"text-align: center;\"><strong><span style=\"font-size: 24pt;\">7. Verboten sind Hoch- und Quersch\u00fcsse, sowie alle Arten von Jagd- oder Bluntspitzen etc. auf unserer <\/span><span style=\"font-size: 24pt;\">gesamten Anlage.<\/span><\/strong><\/p>\n<p style=\"text-align: center;\"><strong><span style=\"font-size: 24pt;\">1. Bogensch\u00fctzenmeister<\/span><\/strong><br \/><strong><span style=\"font-size: 24pt;\">Marco Gottschling<\/span><\/strong><\/p>\n\n\n\n<p><\/p>\n","protected":false},"excerpt":{"rendered":"<p>1. Den Anweisungen der Aufsicht ist stets Folge zu leisten. 2. Jeder Sch\u00fctze, ob Gast oder Mitglied, hat sich bei&#8230; <a href=\"https:\/\/sg1306.de\/index.php\/schiessordnung-platz\/\" class=\"readmore\">weiterlesen &#8230;<span class=\"screen-reader-text\">Schie\u00dfordnung Platz<\/span><span class=\"fa fa-angle-double-right\" aria-hidden=\"true\"><\/span><\/a><\/p>\n","protected":false},"author":2,"featured_media":0,"parent":0,"menu_order":0,"comment_status":"closed","ping_status":"closed","template":"","meta":{"pgc_sgb_lightbox_settings":"","_mc_calendar":[],"footnotes":""},"class_list":["post-1232","page","type-page","status-publish","hentry"],"_links":{"self":[{"href":"https:\/\/sg1306.de\/index.php\/wp-json\/wp\/v2\/pages\/1232","targetHints":{"allow":["GET"]}}],"collection":[{"href":"https:\/\/sg1306.de\/index.php\/wp-json\/wp\/v2\/pages"}],"about":[{"href":"https:\/\/sg1306.de\/index.php\/wp-json\/wp\/v2\/types\/page"}],"author":[{"embeddable":true,"href":"https:\/\/sg1306.de\/index.php\/wp-json\/wp\/v2\/users\/2"}],"replies":[{"embeddable":true,"href":"https:\/\/sg1306.de\/index.php\/wp-json\/wp\/v2\/comments?post=1232"}],"version-history":[{"count":3,"href":"https:\/\/sg1306.de\/index.php\/wp-json\/wp\/v2\/pages\/1232\/revisions"}],"predecessor-version":[{"id":1242,"href":"https:\/\/sg1306.de\/index.php\/wp-json\/wp\/v2\/pages\/1232\/revisions\/1242"}],"wp:attachment":[{"href":"https:\/\/sg1306.de\/index.php\/wp-json\/wp\/v2\/media?parent=1232"}],"curies":[{"name":"wp","href":"https:\/\/api.w.org\/{rel}","templated":true}]}}